{"id":1075,"date":"2024-09-11T12:49:30","date_gmt":"2024-09-11T10:49:30","guid":{"rendered":"https:\/\/shop.fondationthalie.org\/fr\/?post_type=product&#038;p=1075"},"modified":"2025-09-29T10:26:22","modified_gmt":"2025-09-29T08:26:22","slug":"jeanne-vicerial-livret-dexposition","status":"publish","type":"product","link":"https:\/\/shop.fondationthalie.org\/fr\/piece-art\/jeanne-vicerial-livret-dexposition\/","title":{"rendered":"Jeanne Vicerial \u2014 Livret d&rsquo;exposition"},"content":{"rendered":"<p>Cette publication fait partie de la collection de livrets d&rsquo;exposition de la Fondation Thalie. Elle est publi\u00e9e \u00e0 l&rsquo;occasion de l&rsquo;exposition de <strong>Jeanne Vicerial <\/strong>&amp;<strong> Leslie Moquin<\/strong>, <em><strong>Persephone<\/strong><\/em>, du 3 juillet au 16 septembre 2023.<\/p>\n<p>L\u2019exposition de\u0301voile de fac\u0327on ine\u0301dite les photographies de Leslie Moquin documentant les compositions vestimentaires que Jeanne Vicerial re\u0301alise durant le confinement alors qu\u2019elle est pensionnaire de l\u2019Acade\u0301mie de France a\u0300 Rome \u2013 Villa Me\u0301dicis (2019-2020).\u00a0 L\u2019exposition pre\u0301sente en paralle\u0300le plusieurs sculptures vestimentaires de la se\u0301rie des \u00ab Ve\u0301nus ouvertes \u00bb. Re\u0301alise\u0301es avec les fleurs des jardins de la Villa Me\u0301dicis, elles constituent une re\u0301interpre\u0301tation de la <em>Venerina<\/em> de Clemente Susini, pie\u0300ce emble\u0301matique de l\u2019histoire de la repre\u0301sentation anatomique.<\/p>","protected":false},"excerpt":{"rendered":"<p>\u00c9diteur : Fondation Thalie<br \/>\nTextes : Nathalie Guiot et Th\u00e9o Casciani<\/p>\n<div class=\"page\" title=\"Page 1\">\n<div class=\"layoutArea\">\n<div class=\"column\">\n<p>Tirage limit\u00e9 \u00e0 500 exemplaires<br \/>\nFormat : 21 x 15 cm, 40 pages<br \/>\nD\u00e9p\u00f4t l\u00e9gal : Septembre 2024<br \/>\nIsbn: 978-2-9603410-1-0<\/p>\n<p>Copyright \u00a9 Fondation Thalie, 2024<\/p>\n<\/div>\n<\/div>\n<\/div>\n","protected":false},"featured_media":1097,"comment_status":"open","ping_status":"closed","template":"","meta":[],"product_cat":[38],"product_tag":[],"class_list":["post-1075","product","type-product","status-publish","has-post-thumbnail","hentry","product_cat-publications"],"_links":{"self":[{"href":"https:\/\/shop.fondationthalie.org\/fr\/wp-json\/wp\/v2\/product\/1075","targetHints":{"allow":["GET"]}}],"collection":[{"href":"https:\/\/shop.fondationthalie.org\/fr\/wp-json\/wp\/v2\/product"}],"about":[{"href":"https:\/\/shop.fondationthalie.org\/fr\/wp-json\/wp\/v2\/types\/product"}],"replies":[{"embeddable":true,"href":"https:\/\/shop.fondationthalie.org\/fr\/wp-json\/wp\/v2\/comments?post=1075"}],"wp:featuredmedia":[{"embeddable":true,"href":"https:\/\/shop.fondationthalie.org\/fr\/wp-json\/wp\/v2\/media\/1097"}],"wp:attachment":[{"href":"https:\/\/shop.fondationthalie.org\/fr\/wp-json\/wp\/v2\/media?parent=1075"}],"wp:term":[{"taxonomy":"product_cat","embeddable":true,"href":"https:\/\/shop.fondationthalie.org\/fr\/wp-json\/wp\/v2\/product_cat?post=1075"},{"taxonomy":"product_tag","embeddable":true,"href":"https:\/\/shop.fondationthalie.org\/fr\/wp-json\/wp\/v2\/product_tag?post=1075"}],"curies":[{"name":"wp","href":"https:\/\/api.w.org\/{rel}","templated":true}]}}

<p>Cette publication fait partie de la collection de livrets d&rsquo;exposition de la Fondation Thalie. Elle est publiée à l&rsquo;occasion de l&rsquo;exposition de <strong>Jeanne Vicerial </strong>&amp;<strong> Leslie Moquin</strong>, <em><strong>Persephone</strong></em>, du 3 juillet au 16 septembre 2023.</p>
<p>L’exposition dévoile de façon inédite les photographies de Leslie Moquin documentant les compositions vestimentaires que Jeanne Vicerial réalise durant le confinement alors qu’elle est pensionnaire de l’Académie de France à Rome – Villa Médicis (2019-2020).  L’exposition présente en parallèle plusieurs sculptures vestimentaires de la série des « Vénus ouvertes ». Réalisées avec les fleurs des jardins de la Villa Médicis, elles constituent une réinterprétation de la <em>Venerina</em> de Clemente Susini, pièce emblématique de l’histoire de la représentation anatomique.</p>

<p>Éditeur : Fondation Thalie<br />
Textes : Nathalie Guiot et Théo Casciani</p>
<div class="page" title="Page 1">
<div class="layoutArea">
<div class="column">
<p>Tirage limité à 500 exemplaires<br />
Format : 21 x 15 cm, 40 pages<br />
Dépôt légal : Septembre 2024<br />
Isbn: 978-2-9603410-1-0</p>
<p>Copyright © Fondation Thalie, 2024</p>
</div>
</div>
</div>
